0 = y + 4*i + 23. Let h(l) = 4*l**2 - 4*l + 1. Let c(f) = 11*f**2 - 12*f + 3. Let o(v) = -6*c(v) + 17*h(v). Give o(y).
5
Let v(d) = d**3 - 7*d**2 - 2*d + 7. Let c(s) = -s**2 - s. Let a(y) = 2*c(y) - v(y). Calculate a(5).
-7
Let i(h) = -6*h**2 + 6*h + 6. Let w(x) = 6*x**2 - 5*x - 5. Let d(y) = 4*i(y) + 5*w(y). Give d(2).
21
Let y(d) = d**2 - d + 1. Let q(t) = t**2 - 1 + 1 - t. Let j be q(2). Let g be 0 - (j + 0) - 0. Calculate y(g).
7
Let c(w) be the first derivative of -w**3/6 - 11*w**2/2 - 3*w + 1. Let s(u) be the first derivative of c(u). Give s(0).
-11
Suppose 5*r - 8 = -3. Let y be 1 + r - 2 - -6. Let j(f) = 7*f**2 + 4*f + 5 - 2 - y*f**2. Determine j(-4).
3
Let f(d) = -d - 1. Let b(x) = -3*x. Let p(z) = -3*b(z) + 6*f(z). Calculate p(4).
6
Let j(o) = -1 + 6 - 1 - 2. Let a(p) = -p - 2. Let v(z) = -2*a(z) - 3*j(z). Let l(s) = -s. Let c be l(-5). Give v(c).
8
Let l(h) be the third derivative of h**5/60 - h**4/4 + h**3/3 + 2*h**2. Give l(5).
-3
Suppose 5 = -s - 4*s. Let y = s + 4. Suppose -8 = -y*o + o. Let h(l) = -l**3 + 4*l**2 + 3*l - 5. Calculate h(o).
7
Let v(j) = j**3 - 3*j**3 + j**2 + 10 - 9 - 2*j. Let g(d) = -d**2 - 6*d - 5. Let u be g(-5). Suppose 2*l - 2 = -u*l. What is v(l)?
-2
Let n be (-7)/(14/8) + 1. Let p = -1 - n. Let g(v) = v**2 + v - 1. Calculate g(p).
5
Let s(o) be the first derivative of o**3 - 1 + 1/4*o**4 + 1/2*o**2 + 2*o. Let z(i) = 2*i**2 - 10*i - 3. Let f be z(5). Determine s(f).
-1
Let l(d) = d**2 + 2*d - 4. Let h(g) = -3*g**2 - 6*g + 12. Let u(x) = -3*h(x) - 8*l(x). What is u(-4)?
4
Let c(d) be the first derivative of -7/2*d**2 + 1 - 3*d. Give c(-2).
11
Suppose -2*q + 6*s = 2*s - 18, 17 = 5*q - 3*s. Suppose -p - 4 = 0, -2 = 5*o - 3*p - 24. Let v(u) = 2*u - u**o + 0 - 1 - u**3 - u. Give v(q).
-2
Let z be 2/(-4) + 9/2. Suppose 30 = -z*d + 10. Let y(i) be the third derivative of -i**5/60 - 5*i**4/24 + i**3 + i**2. Calculate y(d).
6
Let u(p) = p**3 - 9*p**2 + 4. Let q be 9/(-5)*3/(9/(-15)). Calculate u(q).
4
Let k be 6 + -6 - (0 - 5). Let t = k - 4. Let h(m) = -4*m. Give h(t).
-4
Let o(n) = -n**3 + 6*n**2 - 6*n + 2. Let b be o(5). Let r be 35/15 + b/9. Let i(g) = 3 - 2*g**2 + 0*g**2 - 2. Calculate i(r).
-7
Let f be (-6)/(-39) - (-2)/(-13). Let y(m) = -6*m**2 - 2*m**2 - 6*m - 1 + f + 7*m**2. Determine y(-3).
8
Let g be (-2)/(-4) - 3/6. Let p(m) be the third derivative of -m**5/60 - 2*m**3/3 - 3*m**2. Give p(g).
-4
Let f(l) be the first derivative of 2*l**3/3 + 5*l**2 - 3*l - 2. Let g(d) = d**2 + 5*d - 1. Let p(i) = -2*f(i) + 5*g(i). Give p(-5).
1
Let t(a) = -a**3 + 5*a**2 + 6*a - 2. Let g = -8 - -14. Let u be t(g). Let n(w) be the first derivative of 5*w**2/2 + w - 1. Determine n(u).
-9
Let d(c) be the first derivative of 5*c**3/3 + c**2/2 + c - 1. Suppose -21 + 10 = -q. Let s = -12 + q. Give d(s).
5
Let v(x) = x**3 - 7*x**2 + 2*x + 4. Let k be v(7). Suppose -5*y - n - 15 = n, -4*n = -2*y + k. Let a(p) = 5*p**3 + 2*p**2 - 1. Determine a(y).
-4
Suppose -2*o - 4 - 3 = -3*v, 0 = -5*v + o + 7. Let i = v + -1. Suppose i = -u - 0 + 1. Let n(a) = 3*a**2 - 1. Calculate n(u).
2
Let g = -6 - -8. Let w(x) = 8 - 4 - 2*x - g. What is w(2)?
-2
Suppose 0*m - 4*m = -4*l + 40, 15 = 5*l + 2*m. Let d(q) = 5 + 0 + l*q - 2 - q**3 + 0 + 5*q**2. What is d(6)?
-3
Let i(b) be the third derivative of b**6/120 - b**5/60 + b**4/24 - b**3/6 - 11*b**2. Calculate i(1).
0
Suppose 0 = -0*p - 2*p + 12. Let n(y) = -4 - 2*y - y**3 + 6 + 4 + 6*y**2. Determine n(p).
-6
Suppose -6 - 14 = -5*u. Suppose -4*b = -u*k + 2*k, -5*k - 12 = -4*b. Let w(y) = y**2 + 2*y - 4. What is w(k)?
4
Let x(l) be the third derivative of -l**2 + 1/6*l**4 + 0 + 0*l + 1/3*l**3 + 1/30*l**5. Calculate x(-2).
2
Let g(y) = y**2 - 5*y + 2. Suppose -x + 5*x - 16 = 0. Suppose 0 = -m - 0*n + x*n + 19, 4*m - 32 = 5*n. Give g(m).
-4
Let d(t) = -15*t + 9. Let u(n) = n - 1. Let i(a) = d(a) + 6*u(a). What is i(2)?
-15
Let t(r) be the first derivative of -23*r**2/2 + 10. Give t(1).
-23
Let o(m) be the first derivative of 0 - 5*m**2 + 2*m + m**2 + 4 + 3*m**2. Determine o(-2).
6
Let w(s) = -s - 5. Let z(i) = -i**2 + 9*i + 5. Let g be z(6). Suppose 0 = 5*m - g - 7. Let b be (-2)/((-5)/((-75)/m)). Determine w(b).
0
Let o(h) = -3*h + 1. Let y be o(1). Let u(k) = k + 5. Let d(m) = 1. Let r(f) = y*u(f) + 9*d(f). Determine r(-1).
1
Let u(c) = c. Let b = 7 - 13. Let q(i) = 12*i. Let y(s) = b*u(s) + q(s). Calculate y(1).
6
Let z(i) = -i**3 + 6*i**2 + 3. Let s be z(6). Let v(g) = -3*g**s + 1 + g + 2*g**3 + 0*g. Suppose 0 = 2*y + 2 - 0. Give v(y).
1
Let b(a) = a**2 + 3*a - a + 6 - 4. Let v be 1 + 4 + (5 - 4). Let h be (-3 - 0)/(v/4). Determine b(h).
2
Suppose 109 = 4*n + 105. Let h(s) = 11*s**3 - 2*s**2 + 2*s - 1. What is h(n)?
10
Suppose -7*r + 10*r = 6. Let x(u) = -1 - 2*u + 2 + r + 5*u. Determine x(3).
12
Suppose -2*g = -0*g + 4. Let r(f) = f + 1. Let w be r(2). Let t(z) = 2 + 2*z + w*z - 4*z + 1. What is t(g)?
1
Suppose 3*r = r. Let c(d) = d**3 + d**2 - d - 4. Let n be c(r). Let k(w) = -w - 9. Determine k(n).
-5
Let m(c) be the second derivative of -c**4/2 + c**3/6 - 6*c. Determine m(1).
-5
Let u be 0*(-2 + (5 - 2)). Suppose -5*w - y + 35 = u, 0*w - 3*y = -4*w + 28. Let z(v) = 3*v - 10. Let g(d) = d - 3. Let l(q) = w*g(q) - 2*z(q). What is l(2)?
1
Let w(m) be the second derivative of -m**4/12 - 2*m**3/3 + 2*m. Let n be (15/12)/((-2)/8). Let s = n + 1. Give w(s).
0
Let b = 42 - 45. Let f(n) be the first derivative of -n**2/2 - n + 1. Give f(b).
2
Let l = 10 + -8. Let u(v) = v**2 + 4*v - 2. Let h(p) = p**2 - p. Let k(r) = l*h(r) - u(r). Determine k(6).
2
Suppose -3*b = -2*b. Suppose -3*c + 4*c - 5 = b. Suppose 2*o = c*j + o + 5, -j + 3*o = 15. Let i(p) = -p**2 + p - 3. Determine i(j).
-3
Let h be (-2)/4 + (-30)/(-12). Let k(w) = 2*w**3 + 3*w**2 - 2*w + 2. Let d(f) = -f**3 - f**2 + f - 1. Let o(l) = 9*d(l) + 4*k(l). Give o(h).
5
Suppose 3*j - 31 = -5*w, 4*j - 7*w = -2*w - 17. Suppose -3*p = j*h - 15, -p = 4*h + 2*p - 21. Let l(o) = -o**3 + 3*o**2 + 4*o - 4. Give l(h).
8
Let n(z) be the first derivative of -z - 1/2*z**2 + 2*z**4 + 0*z**3 + 3. Determine n(-1).
-8
Let j(w) be the third derivative of 5*w**2 - 1/20*w**5 + 0 + 1/24*w**4 + 0*w - 1/60*w**6 + 1/3*w**3. Give j(-2).
4
Let m(f) be the third derivative of -f**6/120 - f**5/20 + f**3/6 + 23*f**2. Determine m(-2).
-3
Let y(s) = 4*s**3 + 2*s**2 + 2*s + 1. Let o be (-26)/(-8) - 2/8. Suppose 4*p + o = p. Calculate y(p).
-3
Let o(t) = -6*t - 3*t + 3*t**2 - t**3 + 6*t + 1. What is o(2)?
-1
Let s(c) = -c**2 + 8*c - 7. Let f(h) = -h + 1. Let p(m) = -4*f(m) - s(m). Let d be (29 + -32)*(-2)/2*1. Calculate p(d).
0
Suppose 0 = -4*r, 2*r = -l + r - 4. Let a = 9 + l. Let z(m) = 5. Let k(s) = -s - 11. Let t(d) = 2*k(d) + 5*z(d). Calculate t(a).
-7
Let u = -11 - -6. Let y(t) be the third derivative of t**4/24 - t**2. Give y(u).
-5
Let a(b) = -11*b**3 + 20*b**2 + 6*b + 29. Let h(r) = -4*r**3 + 7*r**2 + 2*r + 10. Let s(z) = -3*a(z) + 8*h(z). Calculate s(5).
8
Let y(r) = -r - 11. Suppose -3*m + 4 = -4*m, -9 = 5*w - 4*m. Determine y(w).
-6
Let q be (-265)/(-2) - 13/26. Let s(b) = 4*b - 132 + q. What is s(2)?
8
Let x be (-1)/(-2) - (-5)/10. Let y(u) = 10*u**2 + 1. What is y(x)?
11
Let n(j) = -j**3 - 3*j**2 - 2*j - 5. Let r be n(-3). Let v(m) = 2*m**2 + 5*m**2 - 3*m**2 - 1 + 2*m. Give v(r).
5
Let h(s) = -s**2 - 3*s - 3. Let m = 17 + -8. Let q(y) = 4. Let n(a) = -a + 17. Let c(d) = m*q(d) - 2*n(d). Let r(v) = 5*c(v) + 3*h(v). Determine r(2).
-9
Suppose 2*u = -16 - 0. Let z = u - -10. Let h(j) = 7*j + z - 1 - 9*j - j**2. Determine h(-3).
-2
Let u(n) = -5*n + 1. Suppose 3*i = -2*j - 11, 2*j + 3*i + 7 = -2*j. Suppose 0*k - 3*f = -j*k - 17, f = -5*k. What is u(k)?
6
Let i(u) = -u**2 - 2*u + 2. Let g = -29 + 32. What is i(g)?
-13
Let c(o) = o. Let r be 1/(-4) - (-57)/(-12). Let w = r + 7. Determine c(w).
2
Let c(p) = -p**3 - 2. Let i(z) = -z**2 - 1. Suppose 6 = 5*l - 4. Let d = 1 - l. Let f(w) = d*i(w) + c(w). Give f(0).
-1
Suppose 5 = -0*n + n, j - 2*n + 9 = 0. Let b(g) = 0 + 1 + j + g + 5. Calculate b(0).
7
Let v(d) = -2*d + 5. Let r = -2 - 1. Let a(h) = -2*h + 4. Let c(n) = r*a(n) + 2*v(n). Calculate c(-3).
-8
Let t(k) = 12 - 10 - k**3 + 0*k + 3*k**2 + 2*k. Let n = -3 + 6. Give t(n).
8
Let w(d) = -d - 1. Suppose 0*y - 4 = -4*y, 0 = 3*r + 3*y. Let s(x) = -6*x - 6. Let l(p) = r*s(